 8. Suppose -5*o - t = 24. Let c(a) = -11*a + 7. List the prime factors of c(o).
73
Suppose 13*r - 3145 = 8*r. What are the prime factors of r?
17, 37
Let x = 28 + -28. Suppose -4*p + 344 + 164 = x. What are the prime factors of p?
127
Let n(x) = -16 - 13 + 14*x**2 - 12 + 19*x + 25 - x**3. Let d be ((-51)/6 - -1)*-2. What are the prime factors of n(d)?
2, 11
Let w(f) = 117*f - 4. Let r = -14 - -16. List the prime factors of w(r).
2, 5, 23
Let p(v) = 1276*v**2 + v + 2. List the prime factors of p(1).
1279
Let m = 0 + 3. Let w = 6 - m. Suppose 0 = 4*y + d - 56, -5*y = 5*d + w - 73. What are the prime factors of y?
2, 7
Let f be (-32 - 0) + 8/2. Let y = -17 - f. Suppose -y = -4*o + 17. List the prime factors of o.
7
List the prime factors of (-15)/(-3) + (10*234)/2.
5, 47
Suppose 3*k = -4*r + 66 + 33, 3 = 3*k. What are the prime factors of r?
2, 3
Suppose 2*l - 22 = q, 5*q = 2*l - 0*q - 14. Suppose -3*c = -4*b + 30, 2*c - l - 1 = -b. List the prime factors of b.
3
Let g(c) = -55*c + 163. List the prime factors of g(-18).
1153
Suppose 4*y - 160 = -68. Let b = 20 - y. List the prime factors of 64 + b - (-1 - -2).
2, 3, 5
Let x(y) = y**2 + 5*y + 6. Let i(g) = 4*g - 2. Let l be i(2). Let o be x(l). Suppose o - 3 = 3*r. List the prime factors of r.
23
Let h be 5326/4 + 2 + 6/(-4). Suppose 2*r - h = -10*r. List the prime factors of r.
3, 37
Suppose -5*k = -5*p - 49 - 11, 2*k = -2*p + 4. Let h be (0/1 - k) + 1. Let n = 29 - h. What are the prime factors of n?
5, 7
Let u = -125 - -136. Suppose -u = 2*m - 147. List the prime factors of m.
2, 17
Let x(u) = 24*u**2 - 24*u**2 + 16*u**2 + 11. What are the prime factors of x(-4)?
3, 89
Let f = -83 - 164. Let b = f + 378. List the prime factors of b.
131
Let c = 13 + -9. Suppose -z + 0*z = c. What are the prime factors of (-45)/z + (-2)/8?
11
What are the prime factors of 130/(-455) - (2 + 7219/(-7))?
3, 7
Let g(a) = a**3 + 39*a**2 + 77*a - 62. What are the prime factors of g(-34)?
2, 5, 31
Suppose -2*z - 2 = 2*a - 4*a, -4 = a + 4*z. Let k be (-2 + a)/((-8)/(-16)). Let o(c) = -c + 2. What are the prime factors of o(k)?
2, 3
Let t be (-4)/(-1)*(-18)/36. List the prime factors of t*(2 + 265/(-10)).
7
Suppose -2*h - 4*a + 668 = 0, -h - 3*a = a - 338. Let v be h/11*2/5. List the prime factors of (6/4)/(9/v).
2
Let g = 1375 - 960. Suppose 2*z - g = -3*z. List the prime factors of z.
83
Suppose d - 44 = -r, 2*d = -3*r - 0*r + 128. Let o be 15/(-20) - (-19)/4. Suppose x + 0*x + 5*p - r = 0, o*p - 95 = -5*x. What are the prime factors of x?
3, 5
Let v(o) = 3*o**2 - 7*o - 16. Let x be v(-4). Suppose -15*r + x = -12*r. What are the prime factors of r?
2, 5
Suppose -q + 1034 = -7. List the prime factors of q.
3, 347
Suppose -8*p = -3*p - 3*k + 20, 3*p = -5*k + 22. Let c be 436/2 - (-2)/p. Suppose 0 = -3*z - z + c. What are the prime factors of z?
2, 3
Suppose -2*h - 2*h = 4*l + 48, 26 = -3*l + 2*h. Suppose 3*i + 24 = -4*s + 4*i, 3*s + i + 11 = 0. List the prime factors of (-419)/s - l/50.
2, 3, 7
Let a = 1318 - 775. What are the prime factors of a?
3, 181
Suppose -5*j - 2*c + 4873 = 0, 1945 = 2*j + c + 4*c. Suppose -5*r + j = 5*g, 375 = r + r + 5*g. List the prime factors of r.
2, 5
Suppose 4*s - 6*k = -5*k + 6406, 2*s - 3212 = -4*k. List the prime factors of s.
2, 3, 89
Suppose -5*f + 15 = -4*g, 4*g + 0*g + 50 = -2*f. Let q = -4 - g. Suppose -2*v + q = v. What are the prime factors of v?
2
Suppose 0 = -4*h + c + 10, 2*h + 2*c - 3*c - 6 = 0. What are the prime factors of (0 + (-2)/h)/(5/(-185))?
37
What are the prime factors of 659 - (5 - (9 + -2) - -2)?
659
List the prime factors of (-14 - 25)/((-6)/296).
2, 13, 37
Let z(r) = -5*r - 11. Let v be z(-8). Suppose -n + v = 11. List the prime factors of n.
2, 3
Let l = -88 - -142. What are the prime factors of l?
2, 3
Suppose 4*g - 70 = -5*r + 239, 5*g = 4*r - 239. Let d = 118 - r. What are the prime factors of d?
3, 19
Suppose -111 = -2*k + 2*g + 3105, -k + 1618 = 4*g. What are the prime factors of k?
2, 5, 7, 23
Let j(i) = -i**3 - i - 2. Let h be j(-1). Suppose h = -3*p + 5*r + 14, -r = -5*r - 16. Let v(x) = -4*x**3 - 2*x - 4. What are the prime factors of v(p)?
2
Let n(v) be the third derivative of v**6/120 + 3*v**5/20 + v**4/8 + v**3/6 - 6*v**2. List the prime factors of n(-7).
2, 3, 13
What are the prime factors of (-106523)/(-111) - 8/(-6)?
31
Let p(i) = 1 - 2 + 3*i**3 + 0*i**3. Let w be p(1). Suppose 5*v - 3*k = -0*v + 42, -23 = -w*v - 5*k. What are the prime factors of v?
3
Let u = 177 - -468. What are the prime factors of u?
3, 5, 43
Let r = -6 - -20. Suppose 2*h - 2*j + r = 0, 2*h + 28 = -0*h - 5*j. Let l = 2 - h. List the prime factors of l.
11
Let f(s) = s**3 + 11*s**2 + 8*s - 16. Let d be f(-10). Suppose d*l = k - 5*k + 628, k + 613 = 4*l. List the prime factors of l.
2, 7, 11
Let r(b) = 3 - 1 - 4 + 16*b + 18*b. List the prime factors of r(1).
2
Let t be -2 - (2 - (-2)/(-1)). List the prime factors of (3/t)/((-3)/106).
53
Suppose 0 = -7*t + 652 + 8959. What are the prime factors of t?
1373
Let u(t) = -2*t**2 + 42*t - 64. What are the prime factors of u(18)?
2, 11
Let t = 17 - 17. Suppose -25 = -5*w, -141 = -2*r - t*w - 5*w. What are the prime factors of r?
2, 29
Suppose -b - q + 61 = 0, -4*b - 4*q - q + 241 = 0. Let v = 8 - b. What are the prime factors of 1/(4/v*-2)?
7
Suppose 2*d - 3 = 7. Suppose -12 = -i - d. Let w(f) = f**2 - 7*f + 8. What are the prime factors of w(i)?
2
Suppose -4*h + 5*t + 1502 = 0, -374 = -h + 25*t - 23*t. What are the prime factors of h?
2, 3, 7
Let v(r) = r**2 - 15*r. Let l be v(15). Suppose 5*d - 64 - 191 = l. What are the prime factors of d?
3, 17
Let m(l) = -l**2 + 11*l - 11. Let i be m(9). Let u = i + 7. List the prime factors of u.
2, 7
Let j = 40 - 35. Suppose 0 = 7*m - 3*m + j*w - 41, -4*m - 2*w + 26 = 0. What are the prime factors of ((-324)/(-8))/(2/m)?
3
Let n(g) = 514*g - 92. What are the prime factors of n(1)?
2, 211
Suppose -4*d - 16 = f, 0*f = -3*f - 5*d - 69. Let v = 5 - f. What are the prime factors of v?
3, 11
Let o(q) = -27*q**3 - 12*q**2 - 6*q + 18. List the prime factors of o(-4).
2, 3, 263
Let n = 155 + -71. What are the prime factors of n?
2, 3, 7
Let y(t) = -t**2 - 12*t + 6. Suppose 0 = -0*u - 6*u - 36. What are the prime factors of y(u)?
2, 3, 7
Let n(a) = 16*a**2 + a**3 + a - 6 - 3*a + 1. Let m(h) = -16*h**3 - 2*h + 2. Let c be m(1). What are the prime factors of n(c)?
3
Let d(i) = i**2 - 11*i + 15. Let w be d(10). Suppose -c = 2*y - 3, -5*c + w = -3*y - 36. Suppose t = c + 30. What are the prime factors of t?
37
Let r(c) = -c**3 - 8*c**2 - 6*c + 3. Let u be r(-7). Suppose -174 = -l - 5*w, -l + 0*w + 174 = 2*w. List the prime factors of 6/u*l/(-9).
29
Let v be (-12 - -4)/(2/(-14)). Let d be 77/(-2) - (-24)/(-16). Let i = d + v. What are the prime factors of i?
2
Let v = -72 - -76. Suppose 4*w - 367 = -5*u, -5*w - v*u + 69 = -392. What are the prime factors of w?
3, 31
Suppose 25 = 11*a - 5695. List the prime factors of a.
2, 5, 13
Suppose 2*c + 2*d + 6 = 0, -d = -4*c - 0*d + 8. Let k be c/(26/(-24) + 1). Let o = k + 14. List the prime factors of o.
2
Suppose 0 = 4*k + 28. Let s be ((-15)/(-2))/(k/(-42)). Suppose 5*t = 8*t - s. List the prime factors of t.
3, 5
Let o = 1077 + 623. What are the prime factors of o?
2, 5, 17
Let j(y) = 9*y**2 - 27*y - 240. What are the prime factors of j(-7)?
2, 3, 5, 13
Let q = 599 - -218. Suppose -2*g + y + 439 = 0, 4*g = 5*y + 52 + q. List the prime factors of g.
13, 17
Let r be ((-4)/6)/(4/504). Let g = r + 236. List the prime factors of g.
2, 19
Let q(w) = -w**3 - 3*w**2 + 35*w - 17. List the prime factors of q(-10).
3, 37
Suppose 4*c + 4*q = 347 + 817, -582 = -2*c + 2*q. Suppose 189 = -5*g - c. Let f = g - -165. List the prime factors of f.
3, 23
What are the prime factors of -7 + 3022 - 5 - 2?
2, 47
Let y = -446 + 812. List the prime factors of y.
2, 3, 61
Suppose 4*i = 2*l + 264, -3*l + 7*l = 3*i - 543. Let y = l + 242. List the prime factors of y.
2, 13
Let p = 2746 - 1843. What are the prime factors of p?
3, 7, 43
What are the prime factors of -1 - (2 + -4) - -663?
2, 83
Let m be (2 + 278/2)*1/(-3). Let t = m - -98. List the prime factors of t.
3, 17
Let z be 4/18 + (-230)/(-18). Let r(w) = -w**3 + 15*w**2 - 18*w - 6. List the prime factors of r(z).
2, 7
Suppose 8*p -